 of 2945350?
2
What is the tens digit of 16601917?
1
What is the ten thousands digit of 4291545?
9
What is the hundred thousands digit of 3516372?
5
What is the thousands digit of 106129?
6
What is the ten thousands digit of 3027851?
2
What is the thousands digit of 3320359?
0
What is the thousands digit of 8929359?
9
What is the tens digit of 666718?
1
What is the ten thousands digit of 464851?
6
What is the hundreds digit of 15834799?
7
What is the hundreds digit of 749672?
6
What is the hundreds digit of 1050348?
3
What is the millions digit of 7021852?
7
What is the hundreds digit of 331742?
7
What is the ten thousands digit of 1320927?
2
What is the ten thousands digit of 1774387?
7
What is the thousands digit of 6232783?
2
What is the units digit of 534289?
9
What is the hundreds digit of 71366?
3
What is the hundreds digit of 13385916?
9
What is the units digit of 21419175?
5
What is the ten thousands digit of 40763?
4
What is the hundred thousands digit of 354288?
3
What is the millions digit of 1642552?
1
What is the hundreds digit of 6821550?
5
What is the ten thousands digit of 512830?
1
What is the millions digit of 13213828?
3
What is the ten thousands digit of 21934226?
3
What is the units digit of 543344?
4
What is the ten thousands digit of 969943?
6
What is the tens digit of 28280427?
2
What is the units digit of 2449094?
4
What is the thousands digit of 672840?
2
What is the hundred thousands digit of 747543?
7
What is the units digit of 23920974?
4
What is the ten thousands digit of 2219475?
1
What is the units digit of 213595?
5
What is the tens digit of 3163563?
6
What is the hundreds digit of 2041871?
8
What is the tens digit of 7685293?
9
What is the hundred thousands digit of 427334?
4
What is the hundred thousands digit of 668686?
6
What is the tens digit of 736263?
6
What is the hundreds digit of 236836?
8
What is the thousands digit of 205198?
5
What is the ten thousands digit of 10055683?
5
What is the ten thousands digit of 2868865?
6
What is the units digit of 215150?
0
What is the units digit of 290667?
7
What is the thousands digit of 480963?
0
What is the thousands digit of 171672?
1
What is the tens digit of 184333?
3
What is the hundreds digit of 346103?
1
What is the units digit of 7889338?
8
What is the hundred thousands digit of 1408592?
4
What is the thousands digit of 3258791?
8
What is the ten thousands digit of 11088400?
8
What is the hundreds digit of 8862568?
5
What is the hundred thousands digit of 12022460?
0
What is the hundred thousands digit of 2412117?
4
What is the thousands digit of 8791433?
1
What is the ten thousands digit of 514360?
1
What is the tens digit of 34069?
6
What is the units digit of 293819?
9
What is the hundreds digit of 7336524?
5
What is the ten thousands digit of 3785090?
8
What is the hundred thousands digit of 1092763?
0
What is the hundreds digit of 3224894?
8
What is the hundreds digit of 5745008?
0
What is the units digit of 231545?
5
What is the tens digit of 1936667?
6
What is the hundreds digit of 2945787?
7
What is the hundred thousands digit of 197795?
1
What is the units digit of 33754?
4
What is the millions digit of 1316180?
1
What is the units digit of 21877?
7
What is the tens digit of 62863?
6
What is the thousands digit of 26239300?
9
What is the hundreds digit of 226742?
7
What is the hundreds digit of 5645364?
3
What is the units digit of 1608058?
8
What is the tens digit of 5673860?
6
What is the ten thousands digit of 537157?
3
What is the tens digit of 166899?
9
What is the tens digit of 805126?
2
What is the ten millions digit of 15720250?
1
What is the thousands digit of 26123?
6
What is the ten thousands digit of 564137?
6
What is the thousands digit of 2196740?
6
What is the units digit of 6086092?
2
What is the hundreds digit of 273486?
4
What is the hundred thousands digit of 1697924?
6
What is the tens digit of 41480?
8
What is the ten thousands digit of 2195684?
9
What is the units digit of 18347659?
9
What is the ten thousands digit of 148390?
4
What is the thousands digit of 8684381?
4
What is the millions digit of 7854660?
7
What is the thousands digit of 995478?
5
What is the thousands digit of 4776102?
6
What is the hundred thousands digit of 2183535?
1
What is the hundreds digit of 7115463?
4
What is the ten millions digit of 21555927?
2
What is the units digit of 356894?
4
What is the hundreds digit of 715739?
7
What is the units digit of 3253044?
4
What is the hundreds digit of 360698?
6
What is the hundreds digit of 215382?
3
What is the hundreds digit of 1677859?
8
What is the hundred thousands digit of 138604?
1
What is the ten thousands digit of 363884?
6
What is the tens digit of 9813113?
1
What is the hundred thousands digit of 1412946?
4
What is the hundreds digit of 3342371?
3
What is the units digit of 4978024?
4
What is the units digit of 152395?
5
What is the thousands digit of 40580?
0
What is the tens digit of 470677?
7
What is the tens digit of 7529810?
1
What is the millions digit of 5646159?
5
What is the units digit of 157078?
8
What is the tens digit of 3664841?
4
What is the units digit of 7787246?
6
What is the tens digit of 266289?
8
What is the thousands digit of 1368442?
8
What is the hundreds digit of 252936?
9
What is the ten thousands digit of 249381?
4
What is the thousands digit of 2366247?
6
What is the units digit of 9009295?
5
What is the hundreds digit of 59886?
8
What is the hundred thousands digit of 1380110?
3
What is the tens digit of 25418?
1
What is the ten thousands digit of 666997?
6
What is the millions digit of 20516704?
0
What is the thousands digit of 867250?
7
What is the ten thousands digit of 1634008?
3
What is the units digit of 367217?
7
What is the units digit of 2389416?
6
What is the ten millions digit of 35991018?
3
What is the millions digit of 32822425?
2
What is the tens digit of 1754854?
5
What is the hundred thousands digit of 362141?
3
What is the units digit of 246170?
0
What is the units digit of 4862076?
6
What is the ten millions digit of 16944550?
1
What is the units digit of 840457?
7
What is the units digit of 135658?
8
What is the tens digit of 11940117?
1
What is the thousands digit of 99156?
9
What is the units digit of 98870?
0
What is the hundred thousands digit of 263047?
2
What is the hundreds digit of 6951386?
3
What is the hundred thousands digit of 10366964?
3
What is the millions digit of 2860485?
2
What is the units digit of 8261927?
7
What is the tens digit of 15172566?
6
What is the ten thousands digit of 11948?
1
What is the hundreds digit of 2509522?
5
What is the tens digit of 1143464?
6
What is the tens digit of 6686579?
7
What is the ten thousands digit of 13757457?
5
What is the units digit of 5110557?
7
What is the hundreds digit of 10247338?
3
What is the hundred thousands digit of 780736?
7
What is the units digit of 7895259?
9
What is the hundreds digit of 89620?
6
What is the thousands digit of 75532?
5
What is the millions digit of 16485341?
6
What is the hundred thousands digit of 129483?
1
What is the thousands digit of 80942?
0
What is the units digit of 2942435?
5
What is the hundred thousands digit of 30708692?
7
What is the hundreds digit of 11804597?
5
What is the tens digit of 274503?
0
What is the thousands digit of 458936?
8
What is the hundreds digit of 529176?
1
What is the hundred thousands digit of 258647?
2
What is the thousands digit of 2382761?
2
What is the millions digit of 3151506?
3
What is the tens digit of 93037?
3
What is the tens digit of 174147?
4
What is the units digit of 2943959?
9
What is the thousands digit of 955958?
5
What is the tens digit of 580870?
7
What is the hundreds digit of 2551250?
2
What is the tens digit of 1066429?
2
What is the ten thousands digit of 1489349?
8
What is the thousands digit of 627981?
7
What is the hundreds digit of 3288707?
7
What is the ten thousands digit of 15396053?
9
What is the hundreds digit of 3659530?
5
What is the tens digit of 686680?
8
What is the ten thousands digit of 306744?
0
What is the ten thousands digit of 252998?
5
What is the tens digit of 191134?
3
What is the ten thousands digit of 3654881?
5
What is the hundred thousands digit of 469435?
4
What is the th